962231 composite?
True
Is 17091381 prime?
False
Is 402563609 a composite number?
True
Is 32239967 a composite number?
True
Is 46745989 prime?
False
Is 20398627 prime?
True
Is 69444577 a prime number?
True
Is 14712629 a prime number?
True
Is 929241479 prime?
True
Is 1411675279 composite?
True
Is 7351865 a composite number?
True
Is 11842321 a prime number?
False
Is 25016591 composite?
True
Is 1860557 a prime number?
False
Is 7809433 prime?
True
Is 1904185 a composite number?
True
Is 420401 prime?
False
Is 34232369 a prime number?
True
Is 2293667 composite?
True
Is 7284509 a composite number?
True
Is 8295527 prime?
True
Is 2900189 prime?
True
Is 628258189 a prime number?
False
Is 1494203 prime?
False
Is 11498053 prime?
False
Is 8939891 prime?
True
Is 19061171 a composite number?
False
Is 97065373 a composite number?
False
Is 249820139 prime?
True
Is 11017607 a composite number?
True
Is 345043381 a composite number?
False
Is 228101 a composite number?
True
Is 55484449 a composite number?
False
Is 1264751 a prime number?
False
Is 348541 composite?
True
Is 25639 prime?
True
Is 13364177 a prime number?
True
Is 130195441 prime?
False
Is 51520129 a prime number?
True
Is 715727 a prime number?
True
Is 59466691 composite?
True
Is 107243747 a prime number?
False
Is 4897199 a prime number?
True
Is 8378621 a composite number?
False
Is 3046207 composite?
True
Is 6739594 a composite number?
True
Is 1738749 a prime number?
False
Is 687277 composite?
False
Is 42678709 prime?
False
Is 81435589 prime?
False
Is 98340719 prime?
False
Is 31860461 a prime number?
False
Is 2681243 a composite number?
True
Is 1816511 a prime number?
True
Is 18364553 a prime number?
False
Is 79181357 a prime number?
True
Is 9391223 a composite number?
False
Is 746303 a prime number?
True
Is 82693459 a composite number?
False
Is 27918971 a composite number?
False
Is 1302499 a prime number?
False
Is 1194691 a prime number?
False
Is 121041671 composite?
False
Is 22201849 prime?
False
Is 4053019 a prime number?
True
Is 5739749 a prime number?
True
Is 40491947 composite?
True
Is 988153 prime?
False
Is 14937701 a composite number?
False
Is 22992803 composite?
False
Is 1368379 prime?
False
Is 45261185 prime?
False
Is 1117657 composite?
False
Is 406174546 composite?
True
Is 2238239 prime?
True
Is 552971 composite?
False
Is 12201199 prime?
False
Is 688381 a composite number?
True
Is 594698217 composite?
True
Is 359149 composite?
True
Is 2400907 composite?
False
Is 11289569 prime?
True
Is 376039 composite?
False
Is 15906889 a prime number?
False
Is 2619901 composite?
True
Is 464873659 prime?
True
Is 6791089 a composite number?
True
Is 148725283 prime?
False
Is 295889171 a prime number?
False
Is 42281231 prime?
True
Is 566347 prime?
True
Is 32409887 a prime number?
True
Is 152540923 a composite number?
False
Is 8883619 a prime number?
False
Is 227439011 a prime number?
False
Is 216849245 a composite number?
True
Is 24165013 composite?
True
Is 191799841 a composite number?
False
Is 118065499 a prime number?
True
Is 34201487 a prime number?
True
Is 26325853 a prime number?
True
Is 2185165 a composite number?
True
Is 2625977 prime?
True
Is 24670117 prime?
True
Is 8043349 composite?
False
Is 37975831 prime?
True
Is 9255067 prime?
True
Is 32814686 a prime number?
False
Is 868853 a prime number?
False
Is 245558087 a composite number?
False
Is 41590569 a composite number?
True
Is 37627 a prime number?
False
Is 30949285 a prime number?
False
Is 3456665 prime?
False
Is 26655635 prime?
False
Is 1975691 a prime number?
True
Is 415601237 a prime number?
False
Is 126628973 a prime number?
True
Is 21713971 a composite number?
False
Is 257101 composite?
True
Is 22818671 a prime number?
True
Is 13993673 a composite number?
True
Is 39873359 composite?
False
Is 16051091 a composite number?
True
Is 8800619 a composite number?
False
Is 4634293 composite?
True
Is 4269115 prime?
False
Is 8923 a prime number?
True
Is 484361 prime?
True
Is 42129782 composite?
True
Is 4529573 a prime number?
False
Is 86698277 a composite number?
True
Is 115727117 a composite number?
True
Is 210889391 prime?
True
Is 1430922455 a prime number?
False
Is 1834295 a prime number?
False
Is 6520741 prime?
False
Is 14485459 a prime number?
True
Is 1536581 prime?
True
Is 63023635 a composite number?
True
Is 601793 a prime number?
False
Is 257835209 a prime number?
False
Is 1352804737 a prime number?
False
Is 277999 composite?
False
Is 15502891 composite?
False
Is 360803 composite?
False
Is 118094413 a composite number?
True
Is 317801797 a prime number?
True
Is 424889 a prime number?
True
Is 23261677 prime?
False
Is 15949067 prime?
False
Is 52257719 a composite number?
False
Is 31678957 prime?
False
Is 11760401 a prime number?
False
Is 5559853 composite?
True
Is 1074509 a prime number?
True
Is 22343707 prime?
True
Is 9386623 composite?
True
Is 7781353 a prime number?
True
Is 144931 a prime number?
True
Is 5411597 a prime number?
False
Is 55396577 composite?
False
Is 3431227 a composite number?
True
Is 18937069 a prime number?
False
Is 231972973 a composite number?
True
Is 85722859 a composite number?
False
Is 37843783 a prime number?
False
Is 56738359 a composite number?
False
Is 14607251 a prime number?
False
Is 23597269 prime?
False
Is 4947959 composite?
False
Is 92016313 a composite number?
True
Is 3644359 prime?
False
Is 252572503 a composite number?
False
Is 161221703 a composite number?
True
Is 1001983583 composite?
False
Is 10409577 a composite number?
True
Is 31440641 a composite number?
False
Is 3408595 prime?
False
Is 355613 a prime number?
False
Is 5872903 a prime number?
True
Is 1849013 a composite number?
False
Is 119088003 a composite number?
True
Is 416473 a prime number?
True
Is 12205867 composite?
False
Is 34611569 a composite number?
False
Is 147271 a prime number?
False
Is 92148421 a composite number?
False
Is 599191 a prime number?
True
Is 798239 a composite number?
True
Is 296314757 a composite number?
False
Is 243360573 composite?
True
Is 50994635 composite?
True
Is 23500921 composite?
True
Is 11987189 a prime number?
False
Is 6980327 a composite number?
False
Is 66416783 a prime number?
True
Is 10376827 a composite number?
False
Is 16207843 a composite number?
False
Is 6303251 composite?
False
Is 730858289 a prime number?
False
Is 4252271 a prime number?
True
Is 39174487 composite?
True
Is 260359 a prime number?
False
Is 241151 prime?
False
Is 104700367 a prime number?
True
Is 7640843 composite?
True
Is 3148421 a composite number?
False
Is 478679 composite?
False
Is 1738411 a composite number?
False
Is 1320035 a prime number?
False
Is 1451903 a prime number?
False
Is 47182393 a prime number?
True
Is 86343517 prime?
False
Is 1131471193 a composite number?
True
Is 7410685 prime?
False
Is 511132313 prime?
True
Is 397183213 a prime number?
False
Is 194298407 prime?
True
Is 490241 composite?
False
Is 13761133 prime?
False
Is 145294943 a composite number?
False
Is 984427637 prime?
False
Is 37226537 prime?
True
Is 8978249 a composite number?
True
Is 89486357 a prime number?
True
Is 10689251 a composite number?
False
Is 185429 a composite number?
False
Is 172650551 composite?
True
Is 138904397 a prime number?
False
Is 2501813 a prime number?
True
Is 23827669 composite?
False
Is 2858563 composite?
True
Is 3706207 prime?
False
Is 27451057 a prime number?
False
Is 2054687 a prime number?
True
Is 2359769 a composite number?
False
Is 4029359 composite?
False
Is 773473 a composite number?
False
Is 22473547 a composite number?
False
Is 70232707 prime?
False
Is 6353059 a prime number?
False
Is 1069093 a composite number?
True
Is 378290801 composite?
True
Is 1045571 a composite number?
False
Is 1756009 a prime number?
True
Is 6906203 a prime number?
True
Is 3718901 a prime number?
True
Is 616013 a prime number?
False
Is 38381621 composite?
False
Is 26855419 prime?
True
Is 5880841 composite?
False
Is 22769122 a composite number?
True
Is 1660721537 composite?
False
Is 462971777 prime?
True
Is 200511299 a prime number?
True
Is 55476583 prime?
True
Is 108823111 prime?
True
Is 1459999 a composite number?
True
Is 4332917 a composite number?
True
Is 120099059 prime?
False
Is 10142731 a prime number?
False
Is 236458349 composite?
False
Is 1044570